{"id":110,"date":"2023-05-01T18:00:52","date_gmt":"2023-05-01T16:00:52","guid":{"rendered":"http:\/\/freude-am-singen.de\/?page_id=110"},"modified":"2023-05-06T18:29:55","modified_gmt":"2023-05-06T16:29:55","slug":"ueber-mich","status":"publish","type":"page","link":"http:\/\/freude-am-singen.de\/?page_id=110","title":{"rendered":"\u00dcber mich"},"content":{"rendered":"<div class=\"wp-block-image is-style-rounded\">\n<figure class=\"aligncenter size-large is-resized\"><img decoding=\"async\" loading=\"lazy\" src=\"http:\/\/freude-am-singen.de\/wp-content\/uploads\/2023\/05\/verena-1-768x1024.jpg\" alt=\"\" class=\"wp-image-138\" width=\"512\" height=\"682\" srcset=\"http:\/\/freude-am-singen.de\/wp-content\/uploads\/2023\/05\/verena-1-768x1024.jpg 768w, http:\/\/freude-am-singen.de\/wp-content\/uploads\/2023\/05\/verena-1-225x300.jpg 225w, http:\/\/freude-am-singen.de\/wp-content\/uploads\/2023\/05\/verena-1-1152x1536.jpg 1152w, http:\/\/freude-am-singen.de\/wp-content\/uploads\/2023\/05\/verena-1.jpg 1500w\" sizes=\"(max-width: 512px) 100vw, 512px\" \/><\/figure><\/div>\n\n\n<div class=\"wp-block-columns is-layout-flex wp-container-2\">\n<div class=\"wp-block-column is-layout-flow\" style=\"flex-basis:66.66%\">\n<h3 class=\"wp-block-heading\">Allgemein<\/h3>\n\n\n\n<p><strong>1967 <\/strong>in Kiel geboren<br><strong>1986 <\/strong>Abitur am Musischen Gymnasium N\u00fcrnberg<br>Erster Klavierunterricht mit 8<br>Cellounterricht mit 12<br>Gesangsunterricht mit&nbsp; 14 Jahren. 1985 Preistr\u00e4gerin des<br>VdmK- Landeswettbewerb f\u00fcr Gesang.<br>Mitwirkung als Cellistin in zahlreichen Orchestern<br>und Kammermusikensembles.<\/p>\n\n\n\n<h3 class=\"wp-block-heading\">Studium<\/h3>\n\n\n\n<p><strong>1987 <\/strong>bis <strong>1992<\/strong> Musikstudium Hauptfach Gesang<br>bei Prof. Ingeborg Hallstein, Nebenfach Klavier<br>Stimmphysiologie bei Prof. Hartmut Hein,<br>Stimmp\u00e4dagogik bei Prof. Charlotte Lehmann.<br>Stipendiatin des Richard-Wagnerverbandes W\u00fcrzburg.<br>Meisterkurs bei Eleana Cortrubas .<br>1992 Diplom Musiktheater und Musiklehrerin.<\/p>\n\n\n\n<h3 class=\"wp-block-heading\">Beruf<\/h3>\n\n\n\n<p><strong>1992<\/strong>&#8211;<strong>1993 <\/strong>Opernstudio der Bayerischen Staatsoper&nbsp;M\u00fcnchen.<br>Stipendiatin der Freude des&nbsp;Nationaltheaters e.V.<\/p>\n\n\n\n<p><strong>1993<\/strong>&#8211;<strong>1998<\/strong> Enagement am Landestheaters Coburg.&nbsp;Umfangreiches Repertoire von Oper, Operette, Musical.&nbsp;Liederabende, Rundfunkaufnahmen, Meisterkurse bei&nbsp;Gundula Janowitz, Daniel Ferro.<\/p>\n\n\n\n<p>Seit <strong>1998<\/strong> in Freiburg freischaffende S\u00e4ngerin und Gesangslehrerin.&nbsp;Produktionen mit dem Theater Thalias Komagnions,&nbsp;dem Aktionstheater PanOpticum und&nbsp;der Musicbox4Kids e.V.&nbsp;Gastspiele u.a. in L\u00fcbeck, Flensburg, Stuttgart, Mannheim, Bremen, Halle,&nbsp;Erfurt,&nbsp;Chemnitz, Schwerte, in der Schweiz, in \u00d6sterreich, Holland und Polen. An die 1000 Vorstellungen solistisch gesungen.<\/p>\n\n\n\n<h2 class=\"wp-block-heading\">Dozenturen und Seminare<\/h2>\n\n\n\n<p><\/p>\n\n\n\n<ul>\n<li>Musikp\u00e4dagogische Fakult\u00e4t Uni Bamberg f\u00fcr Stimmbildung<\/li>\n\n\n\n<li>Schule f\u00fcr Gesang, N\u00fcrnberg, f\u00fcr Klassik, Musical und Pop<\/li>\n\n\n\n<li>Schule f\u00fcr Musical und Theater, Freiburg<\/li>\n\n\n\n<li>Institut f\u00fcr Beruf und Gesundheit, Bad Krozingen<\/li>\n\n\n\n<li>Foyer Neubad, Basel<\/li>\n<\/ul>\n\n\n\n<p>Sch\u00fclerbegleitung f\u00fcr Abitur, Aufnahme- und Abschlusspr\u00fcfungen, speziellen Auftritten.<\/p>\n\n\n\n<p>Sch\u00fclerfeste und Sch\u00fclervorsingen<\/p>\n<\/div>\n<\/div>\n\n\n<div class=\"wp-block-image\">\n<figure class=\"aligncenter size-large is-resized\"><img decoding=\"async\" loading=\"lazy\" src=\"http:\/\/freude-am-singen.de\/wp-content\/uploads\/2023\/05\/verena4-1-908x1024.jpg\" alt=\"\" class=\"wp-image-131\" width=\"528\" height=\"595\" srcset=\"http:\/\/freude-am-singen.de\/wp-content\/uploads\/2023\/05\/verena4-1-908x1024.jpg 908w, http:\/\/freude-am-singen.de\/wp-content\/uploads\/2023\/05\/verena4-1-266x300.jpg 266w, http:\/\/freude-am-singen.de\/wp-content\/uploads\/2023\/05\/verena4-1-768x866.jpg 768w, http:\/\/freude-am-singen.de\/wp-content\/uploads\/2023\/05\/verena4-1-1362x1536.jpg 1362w, http:\/\/freude-am-singen.de\/wp-content\/uploads\/2023\/05\/verena4-1.jpg 1487w\" sizes=\"(max-width: 528px) 100vw, 528px\" \/><\/figure><\/div>","protected":false},"excerpt":{"rendered":"<p>Allgemein 1967 in Kiel geboren1986 Abitur am Musischen Gymnasium N\u00fcrnbergErster Klavierunterricht mit 8Cellounterricht mit 12Gesangsunterricht mit&nbsp; 14 Jahren. 1985 Preistr\u00e4gerin desVdmK- Landeswettbewerb f\u00fcr Gesang.Mitwirkung als Cellistin in zahlreichen Orchesternund Kammermusikensembles. Studium 1987 bis 1992 Musikstudium Hauptfach Gesangbei Prof. Ingeborg Hallstein, Nebenfach KlavierStimmphysiologie bei Prof. Hartmut Hein,Stimmp\u00e4dagogik bei Prof. Charlotte Lehmann.Stipendiatin des Richard-Wagnerverbandes W\u00fcrzburg.Meisterkurs bei Eleana Cortrubas .1992 Diplom Musiktheater und Musiklehrerin. Beruf 1992&#8211;1993 Opernstudio der Bayerischen Staatsoper&nbsp;M\u00fcnchen.Stipendiatin der Freude des&nbsp;Nationaltheaters&hellip;<\/p>\n","protected":false},"author":1,"featured_media":0,"parent":0,"menu_order":3,"comment_status":"closed","ping_status":"closed","template":"","meta":[],"_links":{"self":[{"href":"http:\/\/freude-am-singen.de\/index.php?rest_route=\/wp\/v2\/pages\/110"}],"collection":[{"href":"http:\/\/freude-am-singen.de\/index.php?rest_route=\/wp\/v2\/pages"}],"about":[{"href":"http:\/\/freude-am-singen.de\/index.php?rest_route=\/wp\/v2\/types\/page"}],"author":[{"embeddable":true,"href":"http:\/\/freude-am-singen.de\/index.php?rest_route=\/wp\/v2\/users\/1"}],"replies":[{"embeddable":true,"href":"http:\/\/freude-am-singen.de\/index.php?rest_route=%2Fwp%2Fv2%2Fcomments&post=110"}],"version-history":[{"count":9,"href":"http:\/\/freude-am-singen.de\/index.php?rest_route=\/wp\/v2\/pages\/110\/revisions"}],"predecessor-version":[{"id":186,"href":"http:\/\/freude-am-singen.de\/index.php?rest_route=\/wp\/v2\/pages\/110\/revisions\/186"}],"wp:attachment":[{"href":"http:\/\/freude-am-singen.de\/index.php?rest_route=%2Fwp%2Fv2%2Fmedia&parent=110"}],"curies":[{"name":"wp","href":"https:\/\/api.w.org\/{rel}","templated":true}]}}

Über mich

<div class="wp-block-image is-style-rounded">
<figure class="aligncenter size-large is-resized"><img decoding="async" loading="lazy" src="http://freude-am-singen.de/wp-content/uploads/2023/05/verena-1-768x1024.jpg" alt="" class="wp-image-138" width="512" height="682" srcset="http://freude-am-singen.de/wp-content/uploads/2023/05/verena-1-768x1024.jpg 768w, http://freude-am-singen.de/wp-content/uploads/2023/05/verena-1-225x300.jpg 225w, http://freude-am-singen.de/wp-content/uploads/2023/05/verena-1-1152x1536.jpg 1152w, http://freude-am-singen.de/wp-content/uploads/2023/05/verena-1.jpg 1500w" sizes="(max-width: 512px) 100vw, 512px" /></figure></div>


<div class="wp-block-columns is-layout-flex wp-container-2">
<div class="wp-block-column is-layout-flow" style="flex-basis:66.66%">
<h3 class="wp-block-heading">Allgemein</h3>



<p><strong>1967 </strong>in Kiel geboren<br><strong>1986 </strong>Abitur am Musischen Gymnasium Nürnberg<br>Erster Klavierunterricht mit 8<br>Cellounterricht mit 12<br>Gesangsunterricht mit&nbsp; 14 Jahren. 1985 Preisträgerin des<br>VdmK- Landeswettbewerb für Gesang.<br>Mitwirkung als Cellistin in zahlreichen Orchestern<br>und Kammermusikensembles.</p>



<h3 class="wp-block-heading">Studium</h3>



<p><strong>1987 </strong>bis <strong>1992</strong> Musikstudium Hauptfach Gesang<br>bei Prof. Ingeborg Hallstein, Nebenfach Klavier<br>Stimmphysiologie bei Prof. Hartmut Hein,<br>Stimmpädagogik bei Prof. Charlotte Lehmann.<br>Stipendiatin des Richard-Wagnerverbandes Würzburg.<br>Meisterkurs bei Eleana Cortrubas .<br>1992 Diplom Musiktheater und Musiklehrerin.</p>



<h3 class="wp-block-heading">Beruf</h3>



<p><strong>1992</strong>&#8211;<strong>1993 </strong>Opernstudio der Bayerischen Staatsoper&nbsp;München.<br>Stipendiatin der Freude des&nbsp;Nationaltheaters e.V.</p>



<p><strong>1993</strong>&#8211;<strong>1998</strong> Enagement am Landestheaters Coburg.&nbsp;Umfangreiches Repertoire von Oper, Operette, Musical.&nbsp;Liederabende, Rundfunkaufnahmen, Meisterkurse bei&nbsp;Gundula Janowitz, Daniel Ferro.</p>



<p>Seit <strong>1998</strong> in Freiburg freischaffende Sängerin und Gesangslehrerin.&nbsp;Produktionen mit dem Theater Thalias Komagnions,&nbsp;dem Aktionstheater PanOpticum und&nbsp;der Musicbox4Kids e.V.&nbsp;Gastspiele u.a. in Lübeck, Flensburg, Stuttgart, Mannheim, Bremen, Halle,&nbsp;Erfurt,&nbsp;Chemnitz, Schwerte, in der Schweiz, in Österreich, Holland und Polen. An die 1000 Vorstellungen solistisch gesungen.</p>



<h2 class="wp-block-heading">Dozenturen und Seminare</h2>



<p></p>



<ul>
<li>Musikpädagogische Fakultät Uni Bamberg für Stimmbildung</li>



<li>Schule für Gesang, Nürnberg, für Klassik, Musical und Pop</li>



<li>Schule für Musical und Theater, Freiburg</li>



<li>Institut für Beruf und Gesundheit, Bad Krozingen</li>



<li>Foyer Neubad, Basel</li>
</ul>



<p>Schülerbegleitung für Abitur, Aufnahme- und Abschlussprüfungen, speziellen Auftritten.</p>



<p>Schülerfeste und Schülervorsingen</p>
</div>
</div>


<div class="wp-block-image">
<figure class="aligncenter size-large is-resized"><img decoding="async" loading="lazy" src="http://freude-am-singen.de/wp-content/uploads/2023/05/verena4-1-908x1024.jpg" alt="" class="wp-image-131" width="528" height="595" srcset="http://freude-am-singen.de/wp-content/uploads/2023/05/verena4-1-908x1024.jpg 908w, http://freude-am-singen.de/wp-content/uploads/2023/05/verena4-1-266x300.jpg 266w, http://freude-am-singen.de/wp-content/uploads/2023/05/verena4-1-768x866.jpg 768w, http://freude-am-singen.de/wp-content/uploads/2023/05/verena4-1-1362x1536.jpg 1362w, http://freude-am-singen.de/wp-content/uploads/2023/05/verena4-1.jpg 1487w" sizes="(max-width: 528px) 100vw, 528px" /></figure></div>

<p>Allgemein 1967 in Kiel geboren1986 Abitur am Musischen Gymnasium NürnbergErster Klavierunterricht mit 8Cellounterricht mit 12Gesangsunterricht mit&nbsp; 14 Jahren. 1985 Preisträgerin desVdmK- Landeswettbewerb für Gesang.Mitwirkung als Cellistin in zahlreichen Orchesternund Kammermusikensembles. Studium 1987 bis 1992 Musikstudium Hauptfach Gesangbei Prof. Ingeborg Hallstein, Nebenfach KlavierStimmphysiologie bei Prof. Hartmut Hein,Stimmpädagogik bei Prof. Charlotte Lehmann.Stipendiatin des Richard-Wagnerverbandes Würzburg.Meisterkurs bei Eleana Cortrubas .1992 Diplom Musiktheater und Musiklehrerin. Beruf 1992&#8211;1993 Opernstudio der Bayerischen Staatsoper&nbsp;München.Stipendiatin der Freude des&nbsp;Nationaltheaters&hellip;</p>
