{"id":22,"date":"2023-04-14T13:14:44","date_gmt":"2023-04-14T11:14:44","guid":{"rendered":"http:\/\/freude-am-singen.de\/?page_id=22"},"modified":"2025-08-19T20:42:08","modified_gmt":"2025-08-19T18:42:08","slug":"unterricht","status":"publish","type":"page","link":"https:\/\/freude-am-singen.de\/?page_id=22","title":{"rendered":"Unterricht"},"content":{"rendered":"\n<p><\/p>\n\n\n\n<div class=\"wp-block-columns is-layout-flex wp-container-3\">\n<div class=\"wp-block-column is-layout-flow\" style=\"flex-basis:100%\">\n<div class=\"wp-block-group is-layout-constrained\"><div class=\"wp-block-group__inner-container\"><\/div><\/div>\n<\/div>\n<\/div>\n\n\n\n<div class=\"wp-block-columns is-layout-flex wp-container-6\">\n<div class=\"wp-block-column is-layout-flow\">\n<h1 class=\"wp-block-heading\">Philosophie<\/h1>\n\n\n\n<p>Sch\u00f6ner Gesang kann uns Schauer \u00fcber den R\u00fccken laufen lassen oder zu Tr\u00e4nen r\u00fchren. Kein Instrument geht so zu Herzen wie die menschliche Stimme. Dabei mu\u00df Singen keineswegs den Profis vorbehalten bleiben. Nachweislich f\u00f6rdert regelm\u00e4\u00dfiges Singen das pers\u00f6nliche Wohlbefinden und ist sogar gesund: Durch die verbesserte Atmung wird der K\u00f6rper mit mehr Sauerstoff versorgt, der Kreislauf angeregt, und die ausbalancierte \u201eS\u00e4nger \u2013 Haltung\u201c ist eine Wohltat f\u00fcr R\u00fccken, Schulterg\u00fcrtel und Becken.<\/p>\n\n\n\n<p>Den Nuancenreichtum der eigenen Stimme kennen zu lernen und \u00fcber Sprache bewusst Botschaften zu vermitteln, kann nicht nur viel Spa\u00df machen, sondern ist auch in Alltag und Beruf positiv anwendbar.<\/p>\n\n\n\n<p>Jede Stimme ist einzigartig und unverwechselbar. Deshalb ist der sorgsame, individuelle und physiologisch sinnvolle Umgang mit Ihren eigenen Ressourcen mein Angebot an Sie.<\/p>\n<\/div>\n\n\n\n<div class=\"wp-block-column is-layout-flow\">\n<h1 class=\"wp-block-heading\">Inhalt<\/h1>\n\n\n\n<p><strong>Atmung:<\/strong><br>Erlernt, erweitert und trainiert werden Tiefatmung, Atemkontrolle, Koordination von Spannung und Entspannung, K\u00f6rperwahrnehmung, K\u00f6rperhaltung.<\/p>\n\n\n\n<p><strong>Stimmbildung:<\/strong><br>Hier erwarten Sie Themen wie Stimmansatz, Vokal- und Konsonantenbildung, Resonanzr\u00e4ume, Vokalausgleich, Stimmsitz in verschiedenen Stilrichtungen, Umfang, Flexibilit\u00e4t, u.s.w.<\/p>\n\n\n\n<p><strong>Interpretation:<\/strong><br>Wir erarbeiten gemeinsam den musikalischen und emotionalen Gehalt eines St\u00fcckes, versuchen, technische H\u00fcrden zu meistern, arbeiten an Aussprache, Pr\u00e4senz und Botschaften. Ob Sie zu Klavierbegleitung oder zu Playbacks, mit oder ohne Mikrofon singen, Ihnen stehen alle M\u00f6glichkeiten offen.<\/p>\n<\/div>\n<\/div>\n\n\n\n<div style=\"height:116px\" aria-hidden=\"true\" class=\"wp-block-spacer\"><\/div>\n\n\n<div class=\"wp-block-image\">\n<figure class=\"aligncenter size-large is-resized\"><img decoding=\"async\" loading=\"lazy\" src=\"http:\/\/freude-am-singen.de\/wp-content\/uploads\/2023\/05\/verena1-768x1024.jpg\" alt=\"\" class=\"wp-image-174\" width=\"558\" height=\"743\" srcset=\"https:\/\/freude-am-singen.de\/wp-content\/uploads\/2023\/05\/verena1-768x1024.jpg 768w, https:\/\/freude-am-singen.de\/wp-content\/uploads\/2023\/05\/verena1-225x300.jpg 225w, https:\/\/freude-am-singen.de\/wp-content\/uploads\/2023\/05\/verena1-1152x1536.jpg 1152w, https:\/\/freude-am-singen.de\/wp-content\/uploads\/2023\/05\/verena1.jpg 1500w\" sizes=\"(max-width: 558px) 100vw, 558px\" \/><\/figure><\/div>\n\n\n<div style=\"height:116px\" aria-hidden=\"true\" class=\"wp-block-spacer\"><\/div>\n\n\n\n<h1 class=\"wp-block-heading has-text-align-left\">Standorte<\/h1>\n\n\n\n<p class=\"has-text-align-left\">F\u00fcr den Unterricht biete Ich Ihnen folgende professionell ausgestattete R\u00e4umlichkeiten:<\/p>\n\n\n\n<div class=\"wp-block-columns is-layout-flex wp-container-9\">\n<div class=\"wp-block-column is-layout-flow\">\n<h5 class=\"wp-block-heading\">Orschweier<\/h5>\n\n\n\n<p>Privates Studio<\/p>\n\n\n\n<iframe src=\"https:\/\/www.google.com\/maps\/embed?pb=!1m18!1m12!1m3!1d5310.735797083322!2d7.789193445015616!3d48.27653767548231!2m3!1f0!2f0!3f0!3m2!1i1024!2i768!4f13.1!3m3!1m2!1s0x47913a94e1bb39d3%3A0xa1d9227caefadfa7!2s77972%20Mahlberg-Orschweier!5e0!3m2!1sde!2sde!4v1755628887590!5m2!1sde!2sde\" width=\"600\" height=\"450\" style=\"border:0;\" allowfullscreen=\"\" loading=\"lazy\" referrerpolicy=\"no-referrer-when-downgrade\"><\/iframe>\n<\/div>\n\n\n\n<div class=\"wp-block-column is-layout-flow\">\n<h5 class=\"wp-block-heading\">Stimmpunkt<\/h5>\n\n\n\n<p>Musikschule<\/p>\n\n\n\n<iframe src=\"https:\/\/www.google.com\/maps\/embed?pb=!1m18!1m12!1m3!1d2670.306830855008!2d7.868675012456805!3d47.98845716141015!2m3!1f0!2f0!3f0!3m2!1i1024!2i768!4f13.1!3m3!1m2!1s0x47911cc1bfff6c29%3A0x4d721a83dd24090!2sSTIMMPUNKT!5e0!3m2!1sde!2sde!4v1681473005788!5m2!1sde!2sde\" width=\"600\" height=\"450\" style=\"border:0;\" allowfullscreen=\"\" loading=\"lazy\" referrerpolicy=\"no-referrer-when-downgrade\"><\/iframe>\n<\/div>\n<\/div>\n","protected":false},"excerpt":{"rendered":"<p>Philosophie Sch\u00f6ner Gesang kann uns Schauer \u00fcber den R\u00fccken laufen lassen oder zu Tr\u00e4nen r\u00fchren. Kein Instrument geht so zu Herzen wie die menschliche Stimme. Dabei mu\u00df Singen keineswegs den Profis vorbehalten bleiben. Nachweislich f\u00f6rdert regelm\u00e4\u00dfiges Singen das pers\u00f6nliche Wohlbefinden und ist sogar gesund: Durch die verbesserte Atmung wird der K\u00f6rper mit mehr Sauerstoff versorgt, der Kreislauf angeregt, und die ausbalancierte \u201eS\u00e4nger \u2013 Haltung\u201c ist eine Wohltat f\u00fcr R\u00fccken, Schulterg\u00fcrtel&hellip;<\/p>\n","protected":false},"author":1,"featured_media":0,"parent":0,"menu_order":2,"comment_status":"closed","ping_status":"closed","template":"","meta":[],"_links":{"self":[{"href":"https:\/\/freude-am-singen.de\/index.php?rest_route=\/wp\/v2\/pages\/22"}],"collection":[{"href":"https:\/\/freude-am-singen.de\/index.php?rest_route=\/wp\/v2\/pages"}],"about":[{"href":"https:\/\/freude-am-singen.de\/index.php?rest_route=\/wp\/v2\/types\/page"}],"author":[{"embeddable":true,"href":"https:\/\/freude-am-singen.de\/index.php?rest_route=\/wp\/v2\/users\/1"}],"replies":[{"embeddable":true,"href":"https:\/\/freude-am-singen.de\/index.php?rest_route=%2Fwp%2Fv2%2Fcomments&post=22"}],"version-history":[{"count":21,"href":"https:\/\/freude-am-singen.de\/index.php?rest_route=\/wp\/v2\/pages\/22\/revisions"}],"predecessor-version":[{"id":190,"href":"https:\/\/freude-am-singen.de\/index.php?rest_route=\/wp\/v2\/pages\/22\/revisions\/190"}],"wp:attachment":[{"href":"https:\/\/freude-am-singen.de\/index.php?rest_route=%2Fwp%2Fv2%2Fmedia&parent=22"}],"curies":[{"name":"wp","href":"https:\/\/api.w.org\/{rel}","templated":true}]}}